3?
10
Suppose -6*t + 4*t = 0. Suppose t = q + 80 - 18. Calculate the remainder when 2/(-6) - q/6 is divided by 6.
4
Let m = 92 - 86. What is the remainder when 29 is divided by m?
5
Let p(n) = -n**3 - n**2 + 36. Let i = 177 - 164. Calculate the remainder when p(0) is divided by i.
10
Suppose -5*u + 117 = -4*u. Suppose 20 = 4*g + 8, 0 = -5*h - g + 248. Calculate the remainder when h is divided by u/(-6)*(-2)/3.
10
Let m = -18 - -22. Calculate the remainder when 5 is divided by m.
1
Suppose -3*g + 2*g = -2. Suppose 0*q = g*q - 32. Let m(a) = 3*a**2 - 2*a - 2. What is the remainder when m(-3) is divided by q?
15
Let c(k) = 2*k**2 - k. Let l be c(1). Let g = l - -2. Calculate the remainder when 12 is divided by 7/((2 - g) + 2).
5
Let c(l) = -l**3 - 7*l**2 + 10*l. Let p be c(-8). Let f = 46 + p. What is the remainder when (7/3)/(2/f) is divided by 9?
8
Let k = 30 - 46. Let s = -2 - -23. What is the remainder when s is divided by ((-22)/8)/(4/k)?
10
Suppose -d + 4*i = -6*d + 58, -32 = -4*d + 4*i. Calculate the remainder when d is divided by 6.
4
Let g(a) = -a + 3. Let r be g(6). Let v be 76/(-18) - (-4)/18. What is the remainder when 34 is divided by (2/v)/(r/72)?
10
Let c(y) = 2*y**2 - 3*y + 3. Calculate the remainder when (-2 + 71/2)*2 is divided by c(4).
21
Suppose -2*g = 3 - 7. What is the remainder when g is divided by 2?
0
Let a(o) = 2*o**2 + 1 - 5*o**2 + 2*o**2 + 6*o. What is the remainder when 21 is divided by a(5)?
3
Let l(o) = 9*o**2 + 3*o + 3. Let v = -12 + 21. What is the remainder when l(-2) is divided by v?
6
Calculate the remainder when 20 is divided by -4*(4 + (-22)/4).
2
Suppose -2*o - o = 66. Let n = -13 - o. Suppose -2*i = i - 48. What is the remainder when i is divided by n?
7
Suppose -3*k = -106 - 35. Calculate the remainder when k is divided by 10.
7
Let v = 40 - 29. What is the remainder when 19 is divided by v?
8
Suppose -3*l = -111 + 9. Calculate the remainder when l is divided by 9.
7
Suppose -2*x - 2*x + 80 = 0. Suppose 2*s - c - 52 = 0, 0 = s - 2*c - 0*c - x. Calculate the remainder when s is divided by 15.
13
Let v(a) = 4*a - 1. Let k be 28/(-4)*(-3 - -2). Let o(f) = 4*f**2 + 3*f. What is the remainder when v(k) is divided by o(-2)?
7
Let a(l) = l**3 - 6*l**2 + 6*l - 5. Let k be a(5). Suppose -f + 5*f = k. Suppose f = 2*s - 53 + 13. What is the remainder when s is divided by 11?
9
Suppose 2*x = x - 2*w + 102, -9 = -3*w. Suppose -5*l + x = j + 29, 2*j = -5*l + 64. Calculate the remainder when 26 is divided by l.
12
Suppose -3 + 5 = c. Suppose 25 = c*o + 3*t, -3*o = o + 5*t - 55. Suppose -5*g + 9 = -j, -3*j = -4*g - 17 - 0. Calculate the remainder when o is divided by j.
9
Let i = -23 + 55. What is the remainder when 93 is divided by i?
29
Let r(q) = 2*q + 1. Let l = -7 + 10. Suppose 0 = 5*x + 5*a - 140, 5*a - l = 7. Calculate the remainder when x is divided by r(4).
8
Suppose 3*s - 40 = 188. Calculate the remainder when s is divided by 26.
24
Suppose 7 = -6*y + 205. Let k = 19 + -1. What is the remainder when y is divided by k?
15
Let p(u) = -u**2 + 14*u. What is the remainder when p(7) is divided by 13?
10
Let k(f) = f**2 + 3*f - 3. Let d be k(3). Suppose -2*m + 4 = h - 0, 4*h = -m - 5. Suppose -d = -m*a + 6. Calculate the remainder when 13 is divided by a.
6
Suppose 32 = 5*u + 3*x, -5 = -u - 4*x + 15. Calculate the remainder when 9 is divided by u.
1
Suppose 3 = q - 1. Let i be (3/(-6))/((-2)/q). Let j(p) = 48*p**3 - p + 1. What is the remainder when j(i) is divided by 25?
23
Suppose t + 2*x - 63 = 0, 0*x + 168 = 3*t - x. Suppose 0 = 2*d - 5*d + t. What is the remainder when d is divided by 11?
8
Let k = -3 + -3. Let j(z) = -z**3 - 6*z**2 - 3*z - 8. Suppose -5*q = -59 - 86. Calculate the remainder when q is divided by j(k).
9
Let x(n) = 2*n**2 + 5*n + 7. Suppose -15 = r - 2*t, -4*r + 4*t = -t + 45. What is the remainder when x(r) is divided by -1 - (3 + -1) - -14?
10
Let v(b) be the third derivative of -b**4/12 - b**3/6 + 2*b**2. Let c be v(-2). Suppose 2 + 1 = c*t. What is the remainder when 1 is divided by t?
0
Suppose -3*p + 5*w = -4 + 2, w = 5*p - 18. Suppose 0 = -2*y - p*o + 10, -2*y + o = -y - 5. Calculate the remainder when 14 is divided by y.
4
Suppose -2*l = l + 456. What is the remainder when (l/(-6))/(2/3) is divided by 13?
12
Suppose 5*v - 30 = -5. Suppose v*f = 4*k - 257, 4*k - 192 - 50 = 2*f. Suppose 3*h - h = 40. What is the remainder when k is divided by h?
18
What is the remainder when 6 is divided by 5*(-6)/15 + 4 + 1?
0
Suppose -3*a + 36 = 6. Let r(g) = 8*g**2 - 1. Let u be r(-1). Let f = u + 11. Calculate the remainder when f is divided by a.
8
Let y = 28 - 18. Calculate the remainder when 39 is divided by y.
9
Let l be (18/(-9))/(4/(-10)). Suppose 43 = l*w - 22. Let o(u) = 2*u**2 + 5*u + 2. What is the remainder when w is divided by o(-3)?
3
Let a be (1 - -2) + 6 - -1. Let i(q) = q**2 - 7*q - 11. Calculate the remainder when 74 is divided by i(a).
17
Let v = 63 + -31. Calculate the remainder when v is divided by 7.
4
Let f = -43 + 62. What is the remainder when 92 is divided by f?
16
Let d(f) = 19*f**2 - f. Suppose -2*x - 37 = -143. What is the remainder when x is divided by d(1)?
17
Suppose -5*h - 121 = -2*p, 121 = 4*p + h - 110. Suppose -5*a + 56 = 4*r - r, -3*r = 4*a - p. Let i = 23 - 11. Calculate the remainder when r is divided by i.
10
Suppose 2*q + 5*s = 28, s = q + 1 - 29. Calculate the remainder when q is divided by 78/9*(-3)/(-2).
11
Suppose 4*t = -4*y - 17 - 39, -2*t = -6. Let s = 28 + y. What is the remainder when 31 is divided by s?
9
What is the remainder when 65 is divided by (0 + (0 - -1))/(4/88)?
21
Suppose -3*d - 109 = -4*c, -4*d = -c + 6 + 18. What is the remainder when 54 is divided by c?
26
Let s(u) = 48*u**2 + 2*u + 1. Let t be s(2). Suppose 5*w = 4*k + 246, -t = -3*w + 4*k - 43. Calculate the remainder when w is divided by (1 - (0 - 0))*16.
14
Let c(o) be the second derivative of -o**5/20 - o**4/4 + o**3/2 - o. Let v = -15 + 11. Calculate the remainder when 10 is divided by c(v).
2
Let b = 58 + -42. Calculate the remainder when 29 is divided by b.
13
Let c(n) = -n - 3. Calculate the remainder when (-505)/303 - 40/(-6) is divided by c(-6).
2
Let p = 591 - 401. Suppose -3*l = 2*l - p. Calculate the remainder when l is divided by 20.
18
Let b(v) = -v**2 + 7*v - 1. Let r be b(3). Calculate the remainder when 57 is divided by (-2)/(-2) + (r - -3).
12
Suppose -13*m + 15*m - 8 = 0. Suppose -m*g + 27 = -33. What is the remainder when 57 is divided by g?
12
Let d(a) = -9 - 9 - 8*a + 11. What is the remainder when d(-6) is divided by 14?
13
Let c = 113 - 68. What is the remainder when c is divided by 10?
5
Let j(r) = -r**2 + r - 1. Let l be j(-4). Let c = -15 - l. Suppose 0 = -4*z - 8, 2*z = 2*g - 3*z - 42. What is the remainder when g is divided by c?
4
Let u = -3 + 3. Let i be 4/6*(u - -36). Let n = i - 13. Calculate the remainder when 32 is divided by n.
10
Let c = 24 - 10. Let a be (-1)/2 + (-172)/(-8). Suppose 3*x = 4*w - 48 - 71, -a = -w - x. Calculate the remainder when w is divided by c.
12
Let v = 108 + -50. Calculate the remainder when v is divided by 20.
18
Suppose 0 = k + k - 8. Suppose -14 = -3*t - k*q + 10, t + q - 9 = 0. What is the remainder when 22 is divided by t?
10
Let z be (-6)/(-15)*(-21 - -1). Let u = -7 - -14. What is the remainder when ((-26)/4)/(4/z) is divided by u?
6
Suppose 0 = -d + 23. Suppose 5*l = 1 + 9. Suppose -r = l*r - 24. What is the remainder when d is divided by r?
7
Calculate the remainder when (-214)/(-4) - -3*(-4)/24 is divided by 11.
9
Suppose 0*o - 5*o + w - 4 = 0, 3*o + 5*w - 20 = 0. What is the remainder when 171/15 + 2/(-5) is divided by o/(-1) + 8/2?
3
Let q = -5 + 40. Suppose -3*g + a + q = 0, -2*a - 23 = -3*g + 2*a. What is the remainder when g is divided by 7?
6
Suppose -s - 2*n = -5 - 12, 0 = -4*s - 2*n + 38. Suppose -w = -3*g + 8, -5*w = -s + 2. Suppose -1 = -g*o + 2*o. What is the remainder when 2 is divided by o?
0
Suppose y - 4*x = -8*x + 9, -4*x = -5*y + 21. Calculate the remainder when 18 is divided by y.
3
Let l = -53 + 93. Calculate the remainder when 29 is divided by (96/l)/((-6)/(-20)).
5
Suppose -t - 2 = -5*a + 1, -4*a = -t - 2. Suppose 3*o + 15 = t*o. What is the remainder when 1 is divided by o/(-9) - (-4)/(-6)?
0
Let